7 composite?
False
Is 52501 a composite number?
False
Is 10957103 composite?
False
Is 217891741 a prime number?
False
Is 77167793 composite?
False
Is 2753809 composite?
False
Is 5538337 prime?
False
Is 16548267 composite?
True
Is 38229239 composite?
False
Is 36883493 a composite number?
False
Is 2470189 a composite number?
False
Is 4383191 a composite number?
False
Is 6280381 a composite number?
True
Is 1398911 composite?
False
Is 22495589 a prime number?
True
Is 27308527 a composite number?
False
Is 74210921 a prime number?
True
Is 24960749 prime?
False
Is 154835435 composite?
True
Is 407389 a composite number?
True
Is 131068877 a composite number?
False
Is 31666799 a composite number?
True
Is 96611 a composite number?
True
Is 95616845 prime?
False
Is 12958073 composite?
False
Is 7472365 composite?
True
Is 19008041 a composite number?
True
Is 28851539 prime?
True
Is 1865803 composite?
True
Is 6352139 a composite number?
False
Is 29887006 composite?
True
Is 100895881 a prime number?
True
Is 252745369 composite?
False
Is 394654619 composite?
False
Is 9004393 a composite number?
True
Is 25483307 a composite number?
True
Is 6863639 a composite number?
True
Is 809882 a prime number?
False
Is 34123 a composite number?
False
Is 91879303 prime?
False
Is 12567187 a prime number?
True
Is 432539 composite?
False
Is 2317691 a composite number?
False
Is 12082627 composite?
False
Is 122439199 composite?
False
Is 403757 composite?
False
Is 9589759 prime?
False
Is 3666877 a prime number?
True
Is 4880507 prime?
True
Is 105085457 prime?
True
Is 351493387 composite?
True
Is 84263 prime?
True
Is 2807359 a composite number?
True
Is 7804757 composite?
False
Is 225259 composite?
True
Is 86250469 composite?
True
Is 111405577 composite?
False
Is 30703723 a prime number?
True
Is 3129707 a composite number?
True
Is 5822459 composite?
False
Is 5223767 a prime number?
False
Is 57020521 a composite number?
True
Is 5407631 a prime number?
True
Is 663589 prime?
True
Is 39051731 a composite number?
False
Is 599369 a prime number?
False
Is 83940151 a composite number?
False
Is 303463067 a prime number?
False
Is 60215873 composite?
False
Is 82482338 a prime number?
False
Is 36711053 a prime number?
False
Is 15176333 prime?
True
Is 2223317 a prime number?
True
Is 684407 a prime number?
True
Is 365255273 prime?
True
Is 36638759 a composite number?
False
Is 7951523 a prime number?
True
Is 41682791 a composite number?
True
Is 46920539 composite?
False
Is 22348679 prime?
False
Is 124200443 a prime number?
True
Is 1612903 prime?
True
Is 8916779 composite?
False
Is 1111129 prime?
False
Is 11197657 composite?
True
Is 11264483 a composite number?
False
Is 392611 a composite number?
False
Is 2917667 a composite number?
False
Is 439901057 composite?
True
Is 2995823 a composite number?
False
Is 269089 a prime number?
True
Is 395267 a composite number?
True
Is 22278493 a prime number?
True
Is 882461 composite?
False
Is 37065302 a composite number?
True
Is 1206809 prime?
True
Is 812074519 a composite number?
False
Is 226337 a prime number?
True
Is 714443 composite?
False
Is 9377329 a composite number?
True
Is 302891 a composite number?
False
Is 1292609 a composite number?
False
Is 8247994 a composite number?
True
Is 713467 a composite number?
False
Is 1419049 a prime number?
False
Is 32996941 a prime number?
False
Is 108078203 composite?
False
Is 1575529 composite?
True
Is 1401451 a composite number?
True
Is 284946689 prime?
True
Is 20264207 a composite number?
False
Is 215237713 a composite number?
False
Is 3128311 prime?
True
Is 3620153 a composite number?
False
Is 732186218 composite?
True
Is 35002831 composite?
False
Is 819260047 a composite number?
False
Is 10989169 composite?
True
Is 554347 a composite number?
False
Is 1173313613 composite?
False
Is 317533739 a composite number?
True
Is 143297023 prime?
True
Is 50754427 a prime number?
True
Is 2146589 composite?
False
Is 37059047 a composite number?
False
Is 70434733 composite?
True
Is 710174009 a prime number?
False
Is 36719219 a prime number?
False
Is 6838043 composite?
True
Is 4118453 a composite number?
True
Is 65031037 a composite number?
True
Is 30283073 a prime number?
True
Is 4343863 composite?
True
Is 104307251 prime?
True
Is 6324267 composite?
True
Is 1361603 composite?
False
Is 4839581 composite?
False
Is 1884403 composite?
True
Is 70880053 composite?
True
Is 29866037 prime?
False
Is 1289099 composite?
True
Is 8628679 composite?
True
Is 41288783 a composite number?
False
Is 64534177 a composite number?
False
Is 4984313 prime?
True
Is 12595435 a prime number?
False
Is 3369923 prime?
False
Is 26878553 a composite number?
True
Is 3190903 prime?
False
Is 151798711 composite?
False
Is 6750773 prime?
False
Is 161353 a prime number?
False
Is 558773 composite?
True
Is 779122921 composite?
False
Is 1331842 prime?
False
Is 20376833 prime?
False
Is 5625859 composite?
True
Is 2291789 a prime number?
False
Is 184482511 prime?
True
Is 14775479 a prime number?
True
Is 1357001 prime?
True
Is 377509367 prime?
True
Is 2599153 a prime number?
True
Is 92244211 prime?
True
Is 5012473 a composite number?
False
Is 408803 prime?
True
Is 171993439 a prime number?
True
Is 189262891 composite?
True
Is 245107 composite?
False
Is 7034717 prime?
True
Is 126719999 a composite number?
True
Is 3719411 a prime number?
False
Is 213019 composite?
False
Is 28512739 prime?
True
Is 18861515 a prime number?
False
Is 2699047 composite?
True
Is 34142117 composite?
False
Is 12438357 a composite number?
True
Is 191491 a prime number?
True
Is 5536699 composite?
True
Is 148079353 composite?
False
Is 552911 a prime number?
False
Is 74297401 a prime number?
True
Is 6003451 a composite number?
True
Is 4745149 prime?
True
Is 39532013 a prime number?
True
Is 10676543 a prime number?
True
Is 38429813 composite?
True
Is 55137085 a composite number?
True
Is 32280559 a composite number?
True
Is 258667763 prime?
True
Is 10038469 composite?
True
Is 242265115 a prime number?
False
Is 228049 composite?
False
Is 370904803 a composite number?
False
Is 7899083 a composite number?
False
Is 51161113 prime?
False
Is 114687434 composite?
True
Is 67258757 a prime number?
True
Is 15280607 prime?
True
Is 64800221 a composite number?
False
Is 87124907 prime?
True
Is 2013062 a composite number?
True
Is 44452627 a prime number?
True
Is 43819307 prime?
False
Is 716119 prime?
False
Is 2105501 prime?
False
Is 16286863 composite?
True
Is 87479081 a composite number?
False
Is 36446017 prime?
True
Is 133979 a prime number?
True
Is 5407531 composite?
True
Is 63475211 a composite number?
False
Is 40979119 a prime number?
False
Is 191114359 a prime number?
False
Is 32385893 a prime number?
True
Is 6124163 prime?
True
Is 63050477 a prime number?
False
Is 21418621 composite?
True
Is 11592397 a composite number?
True
Is 86955227 a prime number?
True
Is 15401777 a prime number?
True
Is 3418729 a prime number?
True
Is 162674737 a composite number?
False
Is 31501901 a prime number?
False
Is 283624613 composite?
False
Is 425372267 composite?
False
Is 9490477 prime?
True
Is 54180589 a composite number?
False
Is 623734 prime?
False
Is 47667833 a prime number?
False
Is 3125651 a composite number?
False
Is 928563 composite?
True
Is 712458001 prime?
True
Is 10343687 prime?
True
Is 62000051 prime?
False
Is 499487 a prime number?
False
Is 18369187 composite?
False
Is 127359449 composite?
True
Is 292364557 composite?
False
Is 2541229 a prime number?
True
Is 32104217 a composite number?
True
Is 49221593 composite?
False
Is 7393453 prime?
False
Is 6037781 prime?
True
Is 92465323 a composite number?
False
Is 70635661 prime?
False
Is 1356599 composite?
False
Is 15334222 prime?
False
Is 222961927 a prime number?
True
Is 1851701 a prime number?
True
Is 13230151 composite?
True
Is 150813763 composite?
False
Is 109271 a prime number?
False
Is 121666451 prime?
True
Is 28201721 prime?
True
Is 78183667 prime?
True
Is 44816773 a composite number?
False
Is 9776719 a prime number?
False
Is 126980671 composite?
True
Is 283020401 composite?
False
Is 2786515 prime?
False
Is 25938967 a prime number?
False
Is 31012817 prime?
False
Is 21146479 composite?
True
Is 5108159 prime?
False
Is 245513 a prime number?
True
Is 368280593 a prim